{"id":2152,"date":"2026-04-07T19:37:11","date_gmt":"2026-04-07T22:37:11","guid":{"rendered":"https:\/\/tecklab.com.br\/temporario1\/?post_type=product&#038;p=2152"},"modified":"2026-04-07T19:40:30","modified_gmt":"2026-04-07T22:40:30","slug":"banheira-ancona","status":"publish","type":"product","link":"https:\/\/tecklab.com.br\/temporario1\/produto\/banheira-ancona\/","title":{"rendered":"Banheira Ancona"},"content":{"rendered":"<div>\n<h2 class=\"heading-24 givonic w-700 mb-4\">Descri\u00e7\u00e3o do produto<\/h2>\n<\/div>\n<p>A Banheira de hidromassagem dupla Ancona II \u00e9 produzida em acr\u00edlico. Com dimens\u00f5es 170x110cm e 45cm de profundidade. Com 4 jatos de hidromassagem, motobomba bivolt e capacidade de 300 litros. Itens opcionais: aquecedor, acionamento pneum\u00e1tico, tampa de inspe\u00e7\u00e3o, 3 pontos de cromoterapia, estrutura met\u00e1lica autoportante e air blower.<\/p>\n<p>OBS: consultar tamanhos dispon\u00edveis em estoque.<\/p>\n","protected":false},"excerpt":{"rendered":"<p>Descri\u00e7\u00e3o do produto A Banheira de hidromassagem dupla Ancona II \u00e9 produzida em acr\u00edlico. Com dimens\u00f5es 170x110cm e 45cm de profundidade. Com 4 jatos de hidromassagem, motobomba bivolt e capacidade de 300 litros. Itens opcionais: aquecedor, acionamento pneum\u00e1tico, tampa de inspe\u00e7\u00e3o, 3 pontos de cromoterapia, estrutura met\u00e1lica autoportante e air blower. OBS: consultar tamanhos dispon\u00edveis [&hellip;]<\/p>\n","protected":false},"featured_media":2153,"comment_status":"open","ping_status":"closed","template":"","meta":[],"product_brand":[126],"product_cat":[29],"product_tag":[],"class_list":{"0":"post-2152","1":"product","2":"type-product","3":"status-publish","4":"has-post-thumbnail","6":"product_brand-aquaplas","7":"product_cat-spas-e-banheiras","9":"first","10":"instock","11":"shipping-taxable","12":"product-type-simple"},"_links":{"self":[{"href":"https:\/\/tecklab.com.br\/temporario1\/wp-json\/wp\/v2\/product\/2152","targetHints":{"allow":["GET"]}}],"collection":[{"href":"https:\/\/tecklab.com.br\/temporario1\/wp-json\/wp\/v2\/product"}],"about":[{"href":"https:\/\/tecklab.com.br\/temporario1\/wp-json\/wp\/v2\/types\/product"}],"replies":[{"embeddable":true,"href":"https:\/\/tecklab.com.br\/temporario1\/wp-json\/wp\/v2\/comments?post=2152"}],"wp:featuredmedia":[{"embeddable":true,"href":"https:\/\/tecklab.com.br\/temporario1\/wp-json\/wp\/v2\/media\/2153"}],"wp:attachment":[{"href":"https:\/\/tecklab.com.br\/temporario1\/wp-json\/wp\/v2\/media?parent=2152"}],"wp:term":[{"taxonomy":"product_brand","embeddable":true,"href":"https:\/\/tecklab.com.br\/temporario1\/wp-json\/wp\/v2\/product_brand?post=2152"},{"taxonomy":"product_cat","embeddable":true,"href":"https:\/\/tecklab.com.br\/temporario1\/wp-json\/wp\/v2\/product_cat?post=2152"},{"taxonomy":"product_tag","embeddable":true,"href":"https:\/\/tecklab.com.br\/temporario1\/wp-json\/wp\/v2\/product_tag?post=2152"}],"curies":[{"name":"wp","href":"https:\/\/api.w.org\/{rel}","templated":true}]}}