{"id":2198,"date":"2026-04-17T16:37:59","date_gmt":"2026-04-17T19:37:59","guid":{"rendered":"https:\/\/tecklab.com.br\/temporario1\/?post_type=product&#038;p=2198"},"modified":"2026-04-17T16:43:49","modified_gmt":"2026-04-17T19:43:49","slug":"gabinete-teodora","status":"publish","type":"product","link":"https:\/\/tecklab.com.br\/temporario1\/produto\/gabinete-teodora\/","title":{"rendered":"Gabinete Teodora"},"content":{"rendered":"<div>\n<h2 class=\"heading-24 givonic w-700 mb-4\">Descri\u00e7\u00e3o do produto<\/h2>\n<\/div>\n<p>O gabinete Teodora \u00e9 a combina\u00e7\u00e3o perfeita de eleg\u00e2ncia e funcionalidade. O gabinete, com acabamento laminado resistente \u00e0 umidade e arranh\u00f5es, possui frente ripada revestida em PVC e nicho amadeirado Catedral, trazendo um design sofisticado e acolhedor. Suas duas gavetas espa\u00e7osas oferecem abertura total e deslize suave, garantindo organiza\u00e7\u00e3o e praticidade no dia a dia. Medidas do Gabinete: Largura 78 cm | Altura 82,65 cm | Profundidade 42 cm<\/p>\n<p>obs: N\u00c3O ACOMPANHA CUBA<\/p>\n","protected":false},"excerpt":{"rendered":"<p>Descri\u00e7\u00e3o do produto O gabinete Teodora \u00e9 a combina\u00e7\u00e3o perfeita de eleg\u00e2ncia e funcionalidade. O gabinete, com acabamento laminado resistente \u00e0 umidade e arranh\u00f5es, possui frente ripada revestida em PVC e nicho amadeirado Catedral, trazendo um design sofisticado e acolhedor. Suas duas gavetas espa\u00e7osas oferecem abertura total e deslize suave, garantindo organiza\u00e7\u00e3o e praticidade no [&hellip;]<\/p>\n","protected":false},"featured_media":2199,"comment_status":"open","ping_status":"closed","template":"","meta":[],"product_brand":[127],"product_cat":[26],"product_tag":[],"class_list":{"0":"post-2198","1":"product","2":"type-product","3":"status-publish","4":"has-post-thumbnail","6":"product_brand-fabribam","7":"product_cat-espelhos","9":"first","10":"instock","11":"shipping-taxable","12":"product-type-simple"},"_links":{"self":[{"href":"https:\/\/tecklab.com.br\/temporario1\/wp-json\/wp\/v2\/product\/2198","targetHints":{"allow":["GET"]}}],"collection":[{"href":"https:\/\/tecklab.com.br\/temporario1\/wp-json\/wp\/v2\/product"}],"about":[{"href":"https:\/\/tecklab.com.br\/temporario1\/wp-json\/wp\/v2\/types\/product"}],"replies":[{"embeddable":true,"href":"https:\/\/tecklab.com.br\/temporario1\/wp-json\/wp\/v2\/comments?post=2198"}],"wp:featuredmedia":[{"embeddable":true,"href":"https:\/\/tecklab.com.br\/temporario1\/wp-json\/wp\/v2\/media\/2199"}],"wp:attachment":[{"href":"https:\/\/tecklab.com.br\/temporario1\/wp-json\/wp\/v2\/media?parent=2198"}],"wp:term":[{"taxonomy":"product_brand","embeddable":true,"href":"https:\/\/tecklab.com.br\/temporario1\/wp-json\/wp\/v2\/product_brand?post=2198"},{"taxonomy":"product_cat","embeddable":true,"href":"https:\/\/tecklab.com.br\/temporario1\/wp-json\/wp\/v2\/product_cat?post=2198"},{"taxonomy":"product_tag","embeddable":true,"href":"https:\/\/tecklab.com.br\/temporario1\/wp-json\/wp\/v2\/product_tag?post=2198"}],"curies":[{"name":"wp","href":"https:\/\/api.w.org\/{rel}","templated":true}]}}