{"id":2221,"date":"2026-04-20T12:58:10","date_gmt":"2026-04-20T15:58:10","guid":{"rendered":"https:\/\/tecklab.com.br\/temporario1\/?post_type=product&#038;p=2221"},"modified":"2026-04-20T13:17:52","modified_gmt":"2026-04-20T16:17:52","slug":"gabinete-tereza-cristina","status":"publish","type":"product","link":"https:\/\/tecklab.com.br\/temporario1\/produto\/gabinete-tereza-cristina\/","title":{"rendered":"Gabinete Tereza Cristina"},"content":{"rendered":"<div>\n<h2 class=\"heading-24 givonic w-700 mb-4\">Descri\u00e7\u00e3o do produto<\/h2>\n<\/div>\n<p>O GABINETE Tereza Cristina combina sofistica\u00e7\u00e3o e funcionalidade em um design moderno e elegante. O gabinete, com canto arredondado e nicho lateral iluminado, valoriza a decora\u00e7\u00e3o do ambiente e traz um toque refinado. Seu acabamento laminado \u00e9 resistente \u00e0 umidade e arranh\u00f5es, enquanto a frente ripada revestida em PVC garante ainda mais durabilidade.Medidas do Gabinete: Largura 100 cm | Altura 49,5 cm | Profundidade 42 cm.<\/p>\n<p>OBS: N\u00c3O ACOMPANHA CUBA<\/p>\n","protected":false},"excerpt":{"rendered":"<p>Descri\u00e7\u00e3o do produto O GABINETE Tereza Cristina combina sofistica\u00e7\u00e3o e funcionalidade em um design moderno e elegante. O gabinete, com canto arredondado e nicho lateral iluminado, valoriza a decora\u00e7\u00e3o do ambiente e traz um toque refinado. Seu acabamento laminado \u00e9 resistente \u00e0 umidade e arranh\u00f5es, enquanto a frente ripada revestida em PVC garante ainda mais [&hellip;]<\/p>\n","protected":false},"featured_media":2222,"comment_status":"open","ping_status":"closed","template":"","meta":[],"product_brand":[127],"product_cat":[26],"product_tag":[],"class_list":{"0":"post-2221","1":"product","2":"type-product","3":"status-publish","4":"has-post-thumbnail","6":"product_brand-fabribam","7":"product_cat-espelhos","9":"first","10":"instock","11":"shipping-taxable","12":"product-type-simple"},"_links":{"self":[{"href":"https:\/\/tecklab.com.br\/temporario1\/wp-json\/wp\/v2\/product\/2221","targetHints":{"allow":["GET"]}}],"collection":[{"href":"https:\/\/tecklab.com.br\/temporario1\/wp-json\/wp\/v2\/product"}],"about":[{"href":"https:\/\/tecklab.com.br\/temporario1\/wp-json\/wp\/v2\/types\/product"}],"replies":[{"embeddable":true,"href":"https:\/\/tecklab.com.br\/temporario1\/wp-json\/wp\/v2\/comments?post=2221"}],"wp:featuredmedia":[{"embeddable":true,"href":"https:\/\/tecklab.com.br\/temporario1\/wp-json\/wp\/v2\/media\/2222"}],"wp:attachment":[{"href":"https:\/\/tecklab.com.br\/temporario1\/wp-json\/wp\/v2\/media?parent=2221"}],"wp:term":[{"taxonomy":"product_brand","embeddable":true,"href":"https:\/\/tecklab.com.br\/temporario1\/wp-json\/wp\/v2\/product_brand?post=2221"},{"taxonomy":"product_cat","embeddable":true,"href":"https:\/\/tecklab.com.br\/temporario1\/wp-json\/wp\/v2\/product_cat?post=2221"},{"taxonomy":"product_tag","embeddable":true,"href":"https:\/\/tecklab.com.br\/temporario1\/wp-json\/wp\/v2\/product_tag?post=2221"}],"curies":[{"name":"wp","href":"https:\/\/api.w.org\/{rel}","templated":true}]}}