{"id":2353,"date":"2026-04-22T20:31:28","date_gmt":"2026-04-22T23:31:28","guid":{"rendered":"https:\/\/tecklab.com.br\/temporario1\/?post_type=product&#038;p=2353"},"modified":"2026-04-22T20:38:52","modified_gmt":"2026-04-22T23:38:52","slug":"cuba-terra-t1","status":"publish","type":"product","link":"https:\/\/tecklab.com.br\/temporario1\/produto\/cuba-terra-t1\/","title":{"rendered":"Cuba Terra T1"},"content":{"rendered":"<div>\n<h2 class=\"heading-24 givonic w-700 mb-4\">Descri\u00e7\u00e3o do produto<\/h2>\n<\/div>\n<p>As cubas de apoio da cole\u00e7\u00e3o Terra possuem a tecnologia Fineceramic\u00ae, garantindo durabilidade superior em compara\u00e7\u00e3o \u00e0s cer\u00e2micas comuns. Al\u00e9m disso, possuem tampo da v\u00e1lvula com acabamento cer\u00e2mico na mesma cor da cuba, tornando o design do produto mais atrativo. Est\u00e3o dispon\u00edveis no acabamento matte, que reduz o risco de manchas. As lou\u00e7as sanit\u00e1rias da Roca t\u00eam 10 anos de garantia (consulte o termo no site). Observa\u00e7\u00e3o: este produto n\u00e3o acompanha v\u00e1lvula. Conjunto de fixa\u00e7\u00e3o: N\u00e3o inclu\u00eddo Forma: Redonda Forma interna: Redonda Lavat\u00f3rio pequeno Material: FINECERAMIC \u00ae Peso (kg): 5 Posi\u00e7\u00e3o da cuba: Central Tipo de corte: Reto Tipo de instala\u00e7\u00e3o: Sobre o m\u00f3vel Dimens\u00f5es(comprimento, largura, altura)300 x 300 x 120 mm<\/p>\n<p>&nbsp;<\/p>\n","protected":false},"excerpt":{"rendered":"<p>Descri\u00e7\u00e3o do produto As cubas de apoio da cole\u00e7\u00e3o Terra possuem a tecnologia Fineceramic\u00ae, garantindo durabilidade superior em compara\u00e7\u00e3o \u00e0s cer\u00e2micas comuns. Al\u00e9m disso, possuem tampo da v\u00e1lvula com acabamento cer\u00e2mico na mesma cor da cuba, tornando o design do produto mais atrativo. Est\u00e3o dispon\u00edveis no acabamento matte, que reduz o risco de manchas. As [&hellip;]<\/p>\n","protected":false},"featured_media":2354,"comment_status":"open","ping_status":"closed","template":"","meta":[],"product_brand":[129],"product_cat":[22],"product_tag":[],"class_list":{"0":"post-2353","1":"product","2":"type-product","3":"status-publish","4":"has-post-thumbnail","6":"product_brand-celite-incepa","7":"product_cat-loucas","9":"first","10":"instock","11":"shipping-taxable","12":"product-type-simple"},"_links":{"self":[{"href":"https:\/\/tecklab.com.br\/temporario1\/wp-json\/wp\/v2\/product\/2353","targetHints":{"allow":["GET"]}}],"collection":[{"href":"https:\/\/tecklab.com.br\/temporario1\/wp-json\/wp\/v2\/product"}],"about":[{"href":"https:\/\/tecklab.com.br\/temporario1\/wp-json\/wp\/v2\/types\/product"}],"replies":[{"embeddable":true,"href":"https:\/\/tecklab.com.br\/temporario1\/wp-json\/wp\/v2\/comments?post=2353"}],"wp:featuredmedia":[{"embeddable":true,"href":"https:\/\/tecklab.com.br\/temporario1\/wp-json\/wp\/v2\/media\/2354"}],"wp:attachment":[{"href":"https:\/\/tecklab.com.br\/temporario1\/wp-json\/wp\/v2\/media?parent=2353"}],"wp:term":[{"taxonomy":"product_brand","embeddable":true,"href":"https:\/\/tecklab.com.br\/temporario1\/wp-json\/wp\/v2\/product_brand?post=2353"},{"taxonomy":"product_cat","embeddable":true,"href":"https:\/\/tecklab.com.br\/temporario1\/wp-json\/wp\/v2\/product_cat?post=2353"},{"taxonomy":"product_tag","embeddable":true,"href":"https:\/\/tecklab.com.br\/temporario1\/wp-json\/wp\/v2\/product_tag?post=2353"}],"curies":[{"name":"wp","href":"https:\/\/api.w.org\/{rel}","templated":true}]}}